{"version":"1.0","provider_name":"Canadian Physiotherapy Association","provider_url":"https:\/\/physiotherapy.ca\/fr\/","author_name":"Brittany Adams","author_url":"https:\/\/physiotherapy.ca\/fr\/author\/8fb63564-0777-4149-82dd-7026bd76a8d0\/","title":"L\u2019avenir du permis d\u2019exercice - Canadian Physiotherapy Association","type":"rich","width":600,"height":338,"html":"<blockquote class=\"wp-embedded-content\" data-secret=\"TCYZU9sjyS\"><a href=\"https:\/\/physiotherapy.ca\/fr\/representation-2\/advocacy-updates-fr\/lavenir-du-permis-dexercice\/\">L\u2019avenir du permis d\u2019exercice<\/a><\/blockquote><iframe sandbox=\"allow-scripts\" security=\"restricted\" src=\"https:\/\/physiotherapy.ca\/fr\/representation-2\/advocacy-updates-fr\/lavenir-du-permis-dexercice\/embed\/#?secret=TCYZU9sjyS\" width=\"600\" height=\"338\" title=\"&#8220;L\u2019avenir du permis d\u2019exercice&#8221; &#8212; Canadian Physiotherapy Association\" data-secret=\"TCYZU9sjyS\" frameborder=\"0\" marginwidth=\"0\" marginheight=\"0\" scrolling=\"no\" class=\"wp-embedded-content\"><\/iframe><script type=\"text\/javascript\">\n\/* <![CDATA[ *\/\n\/*! This file is auto-generated *\/\n!function(d,l){\"use strict\";l.querySelector&&d.addEventListener&&\"undefined\"!=typeof URL&&(d.wp=d.wp||{},d.wp.receiveEmbedMessage||(d.wp.receiveEmbedMessage=function(e){var t=e.data;if((t||t.secret||t.message||t.value)&&!\/[^a-zA-Z0-9]\/.test(t.secret)){for(var s,r,n,a=l.querySelectorAll('iframe[data-secret=\"'+t.secret+'\"]'),o=l.querySelectorAll('blockquote[data-secret=\"'+t.secret+'\"]'),c=new RegExp(\"^https?:$\",\"i\"),i=0;i<o.length;i++)o[i].style.display=\"none\";for(i=0;i<a.length;i++)s=a[i],e.source===s.contentWindow&&(s.removeAttribute(\"style\"),\"height\"===t.message?(1e3<(r=parseInt(t.value,10))?r=1e3:~~r<200&&(r=200),s.height=r):\"link\"===t.message&&(r=new URL(s.getAttribute(\"src\")),n=new URL(t.value),c.test(n.protocol))&&n.host===r.host&&l.activeElement===s&&(d.top.location.href=t.value))}},d.addEventListener(\"message\",d.wp.receiveEmbedMessage,!1),l.addEventListener(\"DOMContentLoaded\",function(){for(var e,t,s=l.querySelectorAll(\"iframe.wp-embedded-content\"),r=0;r<s.length;r++)(t=(e=s[r]).getAttribute(\"data-secret\"))||(t=Math.random().toString(36).substring(2,12),e.src+=\"#?secret=\"+t,e.setAttribute(\"data-secret\",t)),e.contentWindow.postMessage({message:\"ready\",secret:t},\"*\")},!1)))}(window,document);\n\/* ]]> *\/\n<\/script>\n","description":"Reconnaissant l\u2019urgence d\u2019un dialogue l\u2019\u00e9chelle de la profession sur l\u2019avenir de l\u2019agr\u00e9ment et de l\u2019\u00e9valuation des comp\u00e9tences en physioth\u00e9rapie et de solutions \u00e0 long terme aux probl\u00e8mes r\u00e9v\u00e9l\u00e9s par la pand\u00e9mie, l\u2019ACP lance son projet sur l\u2019avenir de l\u2019agr\u00e9ment. Le [&hellip;]"}

Reconnaissant l’urgence d’un dialogue l’échelle de la profession sur l’avenir de l’agrément et de l’évaluation des compétences en physiothérapie et de solutions à long terme aux problèmes révélés par la pandémie, l’ACP lance son projet sur l’avenir de l’agrément. Le [&hellip;]
